ppose -n + 524 = k. Determine c(k).
-1
Suppose -2*z + 96 = -3*x - 2*x, 3*z + 3*x - 144 = 0. Suppose 4*w + 88 = 2*w. Let p = z + w. Let v(y) = y**3 - 2*y**2 - 3*y - 2. What is v(p)?
18
Let f = -4 + 7. Let b(a) = a**2 - 14*a + 26. Let r be b(12). Let c(w) = -14*w**2 + 2*w**r + 7*w**2 + 4*w**2 + 1. Give c(f).
-8
Suppose 2*v + 16 = -0*v. Let h(q) = 183*q**2 - 368*q**2 - 7 + 7*q + 178*q**2 - q**3. Let c be h(v). Let r(z) = 25*z**2 - z. Calculate r(c).
24
Let f(l) = l**2 + 4*l + 1. Suppose 0 = 4*b - 4*i - 144, -2*b - 2*i = 3*i - 86. Suppose -24*t = b + 34. What is f(t)?
-2
Let r(i) be the third derivative of 0*i + 2 - 3*i**2 - 1/3*i**3 + 1/4*i**4. Give r(3).
16
Let a = -3895 - -3908. Let u(k) = k**3 - 14*k**2 + 14*k + 2. Calculate u(a).
15
Let a(f) = -4*f - 4. Let o = 31 - 31. Suppose m = 3 - o. Suppose 0*i - i = m. Calculate a(i).
8
Let u(v) = 2*v**3 + 18*v**2 - 110*v + 21. Let f be u(4). Let r(i) = 4*i**2 - 9*i - 9. Determine r(f).
54
Let y(t) = 19 - 578*t + 1171*t + 6 - 586*t. Calculate y(-9).
-38
Suppose 19*c + 35 - 149 = 0. Let h(z) = z**3 + z. Let f(o) = o**3 - o**2 - 1. Let p(i) = -5*f(i) + 4*h(i). Calculate p(c).
-7
Let w(f) be the second derivative of f - f**3 - 33 - 1/12*f**4 - 2*f**2. Calculate w(-4).
4
Let w(q) = -2*q**2 + q - 6. Let l = 1121 + -1118. Let n(g) = -11 - 5*g**2 + 7 - 8 + g. Let i(s) = l*n(s) - 7*w(s). Calculate i(-5).
1
Let f(s) be the third derivative of s**5/120 + 5*s**4/24 - 140*s**3/3 - 321*s**2. Let y(l) be the first derivative of f(l). What is y(0)?
5
Let v(w) = 3*w**2 + 107*w + 829. Let o be v(-12). Let g(k) = -5*k - 90. Determine g(o).
25
Let w be ((-2)/(-6))/(48/(-72))*-1*0. Let n(v) = 3*v - 9. Determine n(w).
-9
Suppose 9485 = -10*x + 9525. Let z(j) be the second derivative of -5/2*j**2 + 17*j + 0 - 1/12*j**x + 7/6*j**3. Give z(7).
-5
Let t(j) = 2*j - 3. Let q(i) = -2*i**2 - 4*i + 12. Let x(m) = -5*m**2 - 9*m + 25. Let s(r) = 7*q(r) - 3*x(r). Let a be s(4). Let y = a - 24. Determine t(y).
-9
Let y = -400 + 412. Suppose -y*v + 11*v + 15 = -2*x, -x = -3*v + 20. Let u(h) = -h**3 - 7*h**2 - 5*h + 2. What is u(x)?
-23
Let s(u) = 749*u**2 - 357*u**2 - 3 - 6*u - 416*u**2. Determine s(-1).
-21
Let z(l) = -4*l. Let y be (-4 - (2 + 0))*42/(-63). Suppose 7*k - y*k + 21 = 5*g, -2*k + 11 = 5*g. What is z(g)?
-12
Let d(q) = -840*q + 4191. Let s be d(5). Let r(v) = 5*v + 63. Give r(s).
18
Let g(i) = -13*i - 22*i**2 - 3298 + 29*i**2 + i**3 + 3264. What is g(-8)?
6
Suppose 14*b = 2*p + 66, 5*b + 4*p = -0*b. Let y(l) = -l**3 + 2*l**2 + l + 2. Determine y(b).
-26
Suppose 472*w - 12750 = 1747*w. Let r(i) = 5*i**3 + 5*i**2 - 15*i - 12. Let m(d) = 4*d**3 + 6*d**2 - 14*d - 12. Let t(y) = 4*m(y) - 3*r(y). Calculate t(w).
-2
Let n(u) = 5*u**3 + 7*u**2 + u - 62. Let c(f) = 48*f**3 + 62*f**2 + 10*f - 560. Let p(l) = 2*c(l) - 19*n(l). What is p(8)?
2
Let q(g) be the third derivative of -g**6/120 - g**5/60 - g**3/6 + 7*g**2 - g. Let s(k) = 7*k**3 + 6*k**2 - 2*k + 3. Let t(j) = -5*q(j) - s(j). Calculate t(-2).
10
Let g(u) = -9*u**2 + 11*u - 16. Let r(p) = -10*p**2 + 9*p - 19. Let b(n) = 7*g(n) - 6*r(n). What is b(7)?
16
Suppose o + 48 = 7*o. Suppose o = c + 7. Let x(i) = i**2 + 8*i + 4. Let k(s) = s + 1. Let j(t) = c*x(t) - 3*k(t). Determine j(-2).
-5
Let q(m) = 10*m**3 - 2*m**2 + 2*m - 1. Suppose -16*x = -11*x + 50. Let d be (x/(-12) + -1)*(-4 - 2). Determine q(d).
9
Let q(z) = 5*z**3 + z**2 + 28. Let i(y) = -9*y**3 - 54. Let o(f) = 4*i(f) + 7*q(f). Calculate o(7).
-20
Let k(d) = -2*d**3 - 22*d**2 + d + 11. Let g be k(-11). Suppose 2*a + 3*c + 3 = -a, g = -5*a - 2*c + 7. Let p(r) = 3*r + 3*r + a*r. Give p(-1).
-9
Let z(a) be the first derivative of -a**5/120 + 7*a**4/12 + 7*a**3 - a**2/2 - 119. Let k(j) be the third derivative of z(j). Calculate k(13).
1
Let s(a) be the second derivative of 1/2*a**3 + 15*a + 3/2*a**2 + 0 - 1/12*a**4. Let z = 37 + -34. What is s(z)?
3
Let m(v) be the third derivative of -11*v**2 + 0*v - 1/60*v**5 + 0 - 3/2*v**3 + 1/4*v**4. Let y be m(5). Let r(i) = i**3 + 4*i**2 + 5. Determine r(y).
5
Let o(q) = 2*q**2 + 17*q + 1. Let g = 2278 - 2287. Determine o(g).
10
Suppose 4*g = -2*j - 58, 2*g = 4*g + 5*j + 17. Let m = g + 21. Suppose m*h - n - 15 = 0, 0 = -2*h - h + n + 11. Let r(f) = -3*f**2 + 3*f - 2. Give r(h).
-8
Let c(k) = 131*k + 45. Let a(t) = 29*t + 11. Let j(h) = 18*a(h) - 4*c(h). Give j(17).
-16
Let f = -8 - 1. Let a(x) = 3*x + 24. Let z(u) = u + 8. Suppose 5*t + 5*l + 65 = 0, 4*t + 2*l = 26 - 74. Let b(r) = t*z(r) + 4*a(r). Calculate b(f).
-1
Let y(d) be the first derivative of d**2 - 12*d + 15. Let p be (0/(-3))/(-2) - 11. Calculate y(p).
-34
Let r(v) = -v. Let w(k) = -k**2 - 7*k + 31. Let i(b) = 3*r(b) + w(b). Let o(f) be the first derivative of i(f). What is o(0)?
-10
Suppose -13*w + 10*w + 114 = 111*w. Let g(n) = 0*n - 1 + 20*n + 12*n. Determine g(w).
31
Let g(s) = -2*s + 6. Let p(y) = -33. Let b(v) = -v. Let t(f) = 2*b(f) + p(f). Suppose 6*x + 56 = 2*x. Let l be t(x). What is g(l)?
16
Suppose -3*s + 2*s + 2 = 0. Suppose 0 = -s*f - 5 + 19. Let h(c) = -13*c + 7*c + f*c - 2. Calculate h(-3).
-5
Let k(u) = -26*u - 33. Let m(s) = 130*s + 170. Let f(z) = 16*k(z) + 3*m(z). Let j be f(-1). Let q(w) = 2 + w**2 + 0 + 3 - 8*w. Calculate q(j).
5
Let j(c) = c - 2. Let g be (1526/545)/(-1 - (-12)/10). Suppose 5*s + z = -14, -5 = 3*s + 18*z - g*z. Give j(s).
-5
Let m(g) = -g**2 - 18*g - 43. Let p be 3*95/(-114)*(-6)/(-5). Calculate m(p).
2
Let k(g) = -g**2 - g - 6. Suppose -13 = -4*d - z, -2*d - 41*z = -38*z - 9. Suppose 0 = d*n - 2*n - 5*o + 30, 0 = n + o. What is k(n)?
-26
Suppose -3*w = 5*r + 42, 2*r - 44 + 62 = 0. Let m(t) = 66*t - 67. Determine m(w).
-1
Suppose -h + 7 = -4*m - 2, 5*m + 15 = 5*h. Let u(z) = h + 15 + z - 7 - 6. Give u(-3).
0
Let x(v) = -v**3 + 6*v**2 + 2*v - 1. Let q be x(6). Suppose q*i + 45 = -32. Let y(k) = 3*k + 17. Calculate y(i).
-4
Let l(q) = 2*q - 4. Let d be l(3). Suppose d*r + 27 = 31. Let n be ((-9)/r)/3*4. Let z(u) = -u**3 - 7*u**2 - 10*u - 9. What is z(n)?
15
Let g(d) = 39*d - 289 + 160 - 66*d - d**2. Determine g(-6).
-3
Let s(t) = 0*t**2 + 0*t**2 + t - t**2 - 6 - 6*t. Let p be 1566/(-116)*(-4)/(-6) + 5. Determine s(p).
-2
Suppose 0 = 18*s + s - 4560. Let z = s + -245. Let b(o) be the second derivative of o**3/3 + 3*o**2/2 + o. Give b(z).
-7
Suppose 60*t + 907 = 15*t + 97. Let m(i) be the third derivative of -i**5/60 - 19*i**4/24 - 8*i**3/3 - 4*i**2. Calculate m(t).
2
Let m(g) = g**3 - 2*g**2 + 15. Let t(j) = j**3 + 4*j**2 + 6*j + 3. Let o be t(-1). Calculate m(o).
15
Let c(r) = -8*r**3 - 5*r**2 - 5. Let g(i) = 7*i**3 + 3*i**2 - i + 6. Let h(n) = -4*c(n) - 5*g(n). Let u be h(2). Let w(v) = -6*v - 6. What is w(u)?
18
Let i(h) = -h**2 - 10*h + 59. Let q be (295/(-25) - -12) + (-76)/5. Calculate i(q).
-16
Suppose 154*j - 153 = 119 + 36. Let v(l) be the third derivative of 0*l - 14*l**j + 0 + 1/30*l**5 + 0*l**4 + 0*l**3. Determine v(-1).
2
Let j be 6450/45 + (-6)/(-9) + 0. Suppose 38*c - 46 = j. Let x(o) = -o + 4. What is x(c)?
-1
Let g be 14*(-3)/24*-4. Suppose 2*o + o - 3 = 3*k, 4*k - 3*o = -g. Let f(s) = s**3 + 3*s**2 - s + 3. Calculate f(k).
-9
Let i(x) = -x**2 + 14*x - 43. Suppose 0 = 5*t - 3*l - 7, 2*t - 18*l + 22*l - 34 = 0. What is i(t)?
2
Let m(l) = -10*l + 12. Let o be m(5). Let b = o - -56. Let a(q) = q - b - 20 + 52. Give a(-8).
6
Suppose 0 = -71*u - 466*u - 11277. Let h(z) = -z**3 - 19*z**2 + 40*z - 57. Calculate h(u).
-15
Let h(a) be the third derivative of -a**6/40 - a**4/24 + 1197*a**2 - a - 1. Let b(x) = -x**3 - 6*x**2 - 6*x - 6. Let s be b(-5). Determine h(s).
4
Let f(b) = -34*b + 581. Let a be f(17). Let k(q) = -7 + 0*q - 3*q + 9*q. Determine k(a).
11
Let j(y) = -y**3 + 5*y**2 - 6*y + 5. Let n be j(3). Let l be (45/n)/((-6)/(-4)). Let b(v) = -4*v - 2*v**2 + 10*v**2 - 2*v**2 + l - 5*v**2. Calculate b(6).
18
Let k(x) be the first derivative of -9*x**2/2 + 15*x + 1222. Calculate k(6).
-39
Let g(n) = -37*n**3 - 11*n**2 + 20*n + 53. Let o(z) = 13*z**3 + 3*z**2 - 7*z - 18. Let p(a) = -6*g(a) - 17*o(a). Calculate p(-15).
3
Let f(h) = -6*h - 51. Let x(j) = 5*j - 24. Let t(v) = -f(v) + 2*x(v). Calculate t(-1).
-13
Let d(r) be the second derivative of 7*r**4/12 - r**3/6 - 2*r**2 - 325*r - 2. Give d(3).
56
Let h(t) = t + 36. Let o(f) = f**3 - 6*f**2 + 6*f + 23. Let r be o(4). Gi